2?
231021010313
In base 9, what is -107 - -1664646?
1664538
In base 9, what is 7640 - 1421?
6218
In base 3, what is -220 - 121221222100?
-121222000020
In base 11, what is -5339120 + 1?
-533911a
In base 7, what is 3 + -245113661?
-245113655
In base 3, what is -1001101112 - -2001201210?
1000100021
In base 5, what is 142412 + -3203142?
-3010230
In base 3, what is 22012100001022 + -2?
22012100001020
In base 10, what is 889174 - 498?
888676
In base 13, what is 90a - -1a59b?
1b1a8
In base 2, what is 11010100111110111000 + 1?
11010100111110111001
In base 6, what is 2 - 4210310?
-4210304
In base 9, what is 461 - -83400?
83861
In base 8, what is -14 - 1043065?
-1043101
In base 6, what is 5 + -42230440?
-42230431
In base 6, what is -5003441 + 235?
-5003202
In base 16, what is 20543 + -59e?
1ffa5
In base 10, what is 4078 + 64?
4142
In base 7, what is -2063552112 + -4?
-2063552116
In base 3, what is -1210010 - -1012002100?
1010022020
In base 8, what is -12146053 + 24?
-12146027
In base 8, what is 0 - -1000755254?
1000755254
In base 9, what is -5 + -864660?
-864665
In base 14, what is 149a8 - 22?
14986
In base 11, what is 0 - -448a103?
448a103
In base 16, what is 3 - -16fcc0?
16fcc3
In base 8, what is 10537134633 + -3?
10537134630
In base 4, what is -23333200030 - 11?
-23333200101
In base 16, what is 4 - 12b3d2e?
-12b3d2a
In base 13, what is 262 + 106bc4?
107156
In base 2, what is 111 - -101001101010111101011?
101001101010111110010
In base 14, what is 534587 + -5?
534582
In base 13, what is bc + 53a3b?
53b2a
In base 5, what is 4 - -20230024430?
20230024434
In base 3, what is -11 - 11020202010010122?
-11020202010010210
In base 2, what is 10001010010001 + -10111001010110?
-101111000101
In base 7, what is -62516 + 1052?
-61434
In base 16, what is 8abdf - -8d?
8ac6c
In base 13, what is -18242 + 16?
-18229
In base 10, what is 108176 + -4968?
103208
In base 6, what is 410532100 + 0?
410532100
In base 11, what is -153 - 7276?
-7419
In base 4, what is -203230 - -232322?
23032
In base 13, what is -a28a5 - -134?
-a2771
In base 7, what is -1011360313 - 15?
-1011360331
In base 13, what is -b68a + -459?
-bb16
In base 13, what is 3 + -1750c7c?
-1750c79
In base 12, what is -5 - -5a782b?
5a7826
In base 8, what is -36 - -14653332?
14653274
In base 5, what is 111004222012 + -13?
111004221444
In base 4, what is 1313102 + -1023320?
223122
In base 15, what is dd8b59 - 2?
dd8b57
In base 4, what is 303222 - 1313321?
-1010033
In base 10, what is -431672056 - 5?
-431672061
In base 12, what is 818b54a + a?
818b558
In base 9, what is 3 + 18607627?
18607631
In base 13, what is -28a5 - 28c?
-2b64
In base 10, what is 5522955 - -30?
5522985
In base 11, what is -a6a450 + -4?
-a6a454
In base 5, what is 1004013133 + -24?
1004013104
In base 7, what is -230 - 2200145?
-2200405
In base 6, what is 3142105 - -13241?
3155350
In base 4, what is -10 + -20010220021?
-20010220031
In base 9, what is -137163436 + 0?
-137163436
In base 14, what is 497b0 - -11?
497c1
In base 9, what is -40074 - -15384?
-23580
In base 14, what is -2335d1 - 4?
-2335d5
In base 16, what is -f2 - -f89?
e97
In base 3, what is 10 + -22202100111011212?
-22202100111011202
In base 9, what is -1563532822 + 4?
-1563532817
In base 12, what is -9b1b39b + 10?
-9b1b38b
In base 11, what is 31a + 44253?
44572
In base 15, what is -607c - 58d?
-661a
In base 3, what is -220 - -11102012010202?
11102012002212
In base 16, what is -78 - b9b1?
-ba29
In base 14, what is -116ad25 + -2?
-116ad27
In base 14, what is -5270 + -23a?
-54aa
In base 11, what is 4889 + -11344?
-7566
In base 3, what is 10120222220120 + -20100?
10120222200020
In base 11, what is 22 - 2684684?
-2684662
In base 2, what is -10010110001101101100 + 1000?
-10010110001101100100
In base 3, what is 1020102200102021 + -20?
1020102200102001
In base 2, what is -10101011101001100101111 - 0?
-10101011101001100101111
In base 15, what is -d329 - 7513?
-1583c
In base 14, what is 8bba - -b4cb?
162a7
In base 5, what is -344114423 - -143?
-344114230
In base 14, what is 4 + 3b96616?
3b9661a
In base 3, what is 201201 + 1010020022?
1010222000
In base 15, what is -1475 + -33a?
-17b0
In base 7, what is 4 - 156462?
-156455
In base 11, what is -271770 + 36?
-271735
In base 11, what is 1 - 598986?
-598985
In base 8, what is -630746 - -637?
-630107
In base 13, what is 373 - -8802?
8b75
In base 3, what is -1200100200111200 - -1000?
-1200100200110200
In base 14, what is 622 - -2a77?
3299
In base 9, what is 210 - -413230?
413440
In base 2, what is 1010010001111111110010111111 + -11?
1010010001111111110010111100
In base 2, what is -1100011 + -101111011011001?
-101111100111100
In base 9, what is 1087841715 + 1?
1087841716
In base 13, what is 325 + -68ab8?
-68793
In base 10, what is 4 - -5053755?
5053759
In base 7, what is 442405 - -2522?
445230
In base 10, what is 265 + 20852?
21117
In base 15, what is 10458 + -1a0?
102a8
In base 4, what is -20132012213 - -3?
-20132012210
In base 14, what is 109d9 - -d0?
10ac9
In base 2, what is 10 + 110001111011011100001?
110001111011011100011
In base 16, what is -8 + -7963a8?
-7963b0
In base 5, what is 31 + -1302214223?
-1302214142
In base 14, what is ca36c + -136?
ca236
In base 11, what is -8a172 - -278?
-899a5
In base 11, what is 2 + 227663?
227665
In base 10, what is -44 - -11233330?
11233286
In base 13, what is -26 - a21340?
-a21366
In base 16, what is 2f - -dd102?
dd131
In base 4, what is -2 + 31101202012?
31101202010
In base 10, what is -750993 + -74?
-751067
In base 10, what is 849126 - -28?
849154
In base 9, what is 6574 + -1383?
5181
In base 12, what is -3a6b8757 + -5?
-3a6b8760
In base 7, what is 64553456 - 45?
64553411
In base 2, what is 1100111100001011001101 + -10010011?
1100111100001000111010
In base 3, what is 100210001200220022 + 0?
100210001200220022
In base 4, what is 1101 + 333113320?
333121021
In base 9, what is 72102732 - 8?
72102723
In base 7, what is 10 + 1652533442?
1652533452
In base 5, what is -134330231 + -2440?
-134333221
In base 13, what is -7873 + 1547?
-6329
In base 5, what is -140202 + 122312?
-12340
In base 13, what is 1aac1 - -13?
1ab04
In base 2, what is -1111101111010100 - 1000?
-1111101111011100
In base 7, what is 13644610464 - -2?
13644610466
In base 13, what is a852221 + 3?
a852224
In base 9, what is 71 + 8325174?
8325255
In base 2, what is -100100110101000010111100 + 101?
-100100110101000010110111
In base 2, what is 100011 + -1010111000110010110001?
-1010111000110010001110
In base 12, what is 274b - -2b2a9?
31a38
In base 4, what is -2002 - -311310131233?
311310123231
In base 14, what is 4bc0 + 300?
50c0
In base 13, what is 5 - -601b9b?
601ba3
In base 10, what is 2211311966 + -5?
2211311961
In base 10, what is 0 - -21526928?
21526928
In base 10, what is 8498465 + 47?
8498512
In base 15, what is -583dc2d + 2?
-583dc2b
In base 9, what is -5 - -554843716?
554843711
In base 13, what is -1 - -375610?
37560c
In base 16, what is -8d129ef - 4?
-8d129f3
In base 15, what is -7 - 3303d5a?
-3303d62
In base 11, what is -7a6026837 - -2?
-7a6026835
In base 8, what is -23 + 1356377?
1356354
In base 15, what is -a76 + 23e43?
233bc
In base 13, what is 865b05 + -1?
865b04
In base 7, what is -20 - -512643?
512623
In base 10, what is 54289 + -303?
53986
In base 12, what is -6ba525 + -1?
-6ba526
In base 2, what is 1111101111100010111100000 - 1110?
1111101111100010111010010
In base 10, what is 2 - 38068134?
-38068132
In base 6, what is -5545130533 + 13?
-5545130520
In base 4, what is -11 + 10100031320101?
10100031320030
In base 6, what is -52 + -2251012?
-2251104
In base 13, what is a3ab + -241?
a16a
In base 14, what is -10ac9d + 25?
-10ac78
In base 9, what is -5 + -118706?
-118712
In base 9, what is -36442 + 38716?
2264
In base 5, what is -1111 - -2040323?
2034212
In base 13, what is 1c46336 - b?
1c46328
In base 6, what is -32 + -4002052?
-4002124
In base 14, what is 23 - -30c0804?
30c0827
In base 13, what is -3225c4a - 9?
-3225c56
In base 11, what is -a589 - -14?
-a575
In base 8, what is 1555224 + 101?
1555325
In base 16, what is -76e + 3d0a?
359c
In base 9, what is 2101 - 2821?
-720
In base 15, what is -2107 - -24ae?
3a7
In base 11, what is 24866 + 3275?
28030
In base 10, what is 175099 + 827?
175926
In base 9, what is -35721 + 10712?
-25008
In base